 - -112. Let z = l - k. Calculate the greatest common divisor of z and 12.
12
Let g = -1 + 0. Let a be g - (-17 + -3 + 0). Let x be -3*a/(-3)*1. Calculate the highest common divisor of 19 and x.
19
Let g = 40 - 37. Suppose 40 - 4 = g*r. Calculate the greatest common divisor of 12 and r.
12
Let f(t) = 66*t - 234. Let x be f(8). What is the greatest common divisor of 84 and x?
42
Let v(t) = -t**3 - 7*t**2 - 7*t - 8. Let r be v(-6). Let h be r/3 + 182/21. What is the highest common factor of 4 and h?
4
Suppose -2*d + 3*c + 296 = 0, -3*d + 99 = 2*c - 371. Calculate the highest common divisor of 77 and d.
77
Let y be 876/10 + (-10)/(-25). Suppose -2*v - y = 2*v. Let w = v + 30. What is the highest common factor of 56 and w?
8
Let g = 107 + -92. Let d(s) = 41*s**2 + 1. Let y be d(1). Let q = y - g. What is the highest common divisor of q and 18?
9
Suppose -8*q + 4*q = 3*n - 64, 59 = 3*n + 5*q. Calculate the greatest common divisor of n and 112.
28
Let i be (66/(-9) + -4)*3. Let n = 52 + i. What is the greatest common divisor of n and 18?
18
Let o(m) = 18*m**2 + 2*m + 4. Let x be o(-3). Let j be 69 + ((-8)/(-4) - -4 - 11). What is the greatest common factor of j and x?
32
Let o(q) = 2*q**2 + 9*q + 9. Let z be o(-12). Suppose -8*v + 9*v = 27. What is the highest common divisor of v and z?
27
Let k be ((-498)/(-8))/3 - (-22)/88. What is the greatest common divisor of k and 77?
7
Suppose -96*w = -94*w - 390. What is the highest common divisor of 15 and w?
15
Let g be -15*(4 + (-13 - 0)). Suppose 0 = a + 2*a - g. What is the greatest common divisor of 9 and a?
9
Let r(p) = -18*p - 224. Let q be r(-15). Calculate the greatest common divisor of q and 345.
23
Let c(g) = g**2 - g + 4. Let i be c(3). Suppose -z + 0*z + i = 4*h, -3*h + 2*z + 13 = 0. Suppose 2*v + 44 = h*v. What is the greatest common factor of v and 66?
22
Let k = 179 + -169. Calculate the highest common factor of k and 370.
10
Suppose -2*d + 5*d - 9 = 0. Let h(k) = 4*k**2 - 2*k + 2. Let z be h(1). What is the highest common divisor of d and z?
1
Let l = 391 + -259. What is the greatest common factor of l and 352?
44
Let i be 3/(-6) - (-1446)/12. Suppose 39*x = 44*x - i. Calculate the highest common divisor of x and 96.
24
Suppose -6*u = -3*u - 288. Let b = 294 - u. Let j = -110 + b. Calculate the highest common divisor of 8 and j.
8
Let k be (((-2212)/16)/(-7))/(1/28). What is the greatest common divisor of k and 14?
7
Let l be 0/(-2 - (-3 - -4)). Let q be (-6)/((1 - l)/(-6)). Suppose q = -0*g + g + 5*x, -88 = -5*g - 2*x. What is the greatest common divisor of g and 80?
16
Suppose 2*h - 562 = -2*f, 6*f - 4*f - h = 577. Calculate the highest common factor of 22 and f.
22
Let j = -1 - -7. Let y be 1/10*j*5. Suppose -y*o + 55 = q - o, -331 = -5*q + 4*o. What is the greatest common factor of 9 and q?
9
Let h(f) = f**2 - 9*f - 14. Let s = -5 + 17. Let n be h(s). Calculate the highest common divisor of 55 and n.
11
Let d = 95 + 80. Let t be -10*(-3 - (-8)/16). Calculate the highest common factor of t and d.
25
Suppose -3*o = -2*u + 763, 9*o + 1116 = 3*u + 14*o. Calculate the highest common factor of u and 13.
13
Suppose -208 = -5*q - 4*z, -2*z = -0*q + q - 44. Let b be (60/(-35))/((-3)/84)*(-2)/(-4). Calculate the highest common divisor of b and q.
8
Suppose -11*d + 30 = -6*d. Suppose -440 = -4*v - d*v. What is the greatest common factor of 22 and v?
22
Suppose 3*q - 663 = 3*t - 4*t, -3*t + 1109 = 5*q. Calculate the highest common divisor of q and 55.
55
Let l = 24 + 60. What is the highest common divisor of l and 63?
21
Let l be (-60)/((-15)/(-5) - 4). Calculate the greatest common divisor of l and 140.
20
Let l(q) = 72*q**2 + 7*q - 7. Let i be l(1). What is the highest common divisor of 225 and i?
9
Suppose w - 3*r = 159, -2*w = 5*r - 6*r - 293. Calculate the highest common factor of 54 and w.
18
Suppose 7*k + k + 2624 = 0. Let a be k/48 + 1/(-6). Let t be (-1 + -6)*1*a. What is the greatest common divisor of 7 and t?
7
Suppose -4*y + 831 = -3*y - 3*k, 5*y = -4*k + 4136. What is the greatest common factor of y and 36?
36
Suppose -14410 = -55*t + 44110. Calculate the greatest common factor of t and 21.
7
Suppose 40 = 2*m - 10*m. Let a be (-2 - m)*38/6. Calculate the greatest common factor of a and 171.
19
Let q = -58 + 108. Let v = q - 20. Calculate the greatest common divisor of 150 and v.
30
Suppose u + 1 = -1. Let c be 78 - (2 + u - -2). Suppose c = 2*f - 32. What is the highest common divisor of 18 and f?
18
Suppose -15 - 105 = -24*x. What is the greatest common factor of x and 6?
1
Let l = -189 - -203. Calculate the highest common divisor of 133 and l.
7
Let d be 49/140*16 - 4/(-10). Suppose -5*o + 8 = -12. Suppose -7*y + 3*y + 3*x + 228 = 0, 0 = 5*y - o*x - 286. Calculate the greatest common factor of y and d.
6
Let r = 113 + -107. Let b be (-32)/(-24) + 274*1/r. Calculate the highest common factor of b and 188.
47
Let u be ((0 - (1 - 1))/2)/(-1). Suppose u = 2*m - 7*m + 585. Let k be -2 + (-6)/4*-10. What is the greatest common factor of k and m?
13
Let d = 232 - 182. What is the highest common factor of d and 150?
50
Suppose 5*i - 75 = 2*i. Let t(v) = -3*v**2 - 13*v + 8 + 10 + 5*v**2 + 0*v**2. Let n be t(7). Calculate the greatest common divisor of n and i.
25
Let i = -474 + 489. Calculate the highest common divisor of 465 and i.
15
Let w = -26 + 119. Calculate the greatest common divisor of 837 and w.
93
Let d(s) = -24*s + 4. Let q be d(-1). Let h be 6/3 + 249 + 1. Calculate the highest common divisor of h and q.
28
Let d = 94 - -148. Calculate the highest common factor of 44 and d.
22
Suppose 19 = -3*z + 49. Let c(r) = 3*r - 1. Let q be c(2). Calculate the greatest common divisor of q and z.
5
Suppose -57 = -3*v - 0*v. Let d be (-235)/(-9) + v/(-171). What is the greatest common divisor of d and 234?
26
Let o = -368 + 403. What is the greatest common factor of 14 and o?
7
Let h = 21 - 7. What is the highest common divisor of h and 14?
14
Suppose 2*r + 10 = 7*r. Suppose -r*l + 3*l - 32 = 0. Suppose -4*q = -2*w - 240 - 22, -q = 5*w - 49. What is the highest common divisor of l and q?
32
Suppose 9*c = 194 - 131. Calculate the greatest common factor of 259 and c.
7
Suppose 6*y - 2*y = 28. Suppose -2*t = -5 - y. Let v be (2 - 14/t)*-21. Calculate the greatest common factor of 21 and v.
7
Let k(u) = 27*u**2 - u + 1. Suppose 4*y + 3*x = -11, 0*y + y + 4*x = -19. Let q be k(y). Let d = 4 - -5. Calculate the greatest common divisor of d and q.
9
Let a(i) = -i**3 - 18*i**2 + 36*i - 16. Let k be a(-20). Calculate the greatest common factor of 432 and k.
16
Suppose -396 = -11*w + 5*w. Let d = -96 - -102. Calculate the highest common divisor of w and d.
6
Suppose 244*h + 66 = 246*h. Calculate the highest common factor of 15 and h.
3
Let t be 3/(-9) + 57915/243. What is the greatest common factor of t and 42?
14
Suppose -3*y - 19 = -k, y = k - 11 - 2. What is the greatest common divisor of k and 20?
10
Suppose -9 = -2*z + i, -2*z - z + 12 = -2*i. Suppose -4*l + 30 = 3*o, z = 5*o + 5*l - 39. What is the greatest common factor of o and 18?
6
Let x(y) = 4*y. Let w be x(-3). Let h = w - -18. Suppose 5*o + 6*a - 87 = 7*a, 0 = -o + 5*a + 3. What is the greatest common divisor of h and o?
6
Let w = 4042 + -4040. Suppose 2*c - 130 = -3*c. What is the greatest common divisor of c and w?
2
Let q = -32 + 35. Suppose z - q = -c, 5*c = 3*z - 0*c - 1. Suppose z*x - 5*x + 363 = 0. What is the highest common factor of x and 11?
11
Suppose 0 = -2*a - 10, -3*a = -4*d - a + 2510. Calculate the highest common divisor of 50 and d.
25
Let i be (-2 + (-3)/(-6))*-20. Let z be (-12)/i + (-774)/(-10). Calculate the highest common factor of z and 7.
7
Suppose -3*y - 4*k - 56 = -4*y, -k = 3. Let m be -6 + 3/21 + (-503)/(-7). Calculate the highest common factor of y and m.
22
Let b be 3 - -2 - (4 + -6). Suppose -b*a + 158 = -24. What is the highest common divisor of 104 and a?
26
Let m(t) be the third derivative of -t**4/24 - 2*t**3/3 + 8*t**2. Let b be m(-6). Calculate the highest common divisor of 22 and b.
2
Let p = 86 - 125. Let v = p + 64. Let b be (-3)/6 + v/10. Calculate the highest common divisor of 6 and b.
2
Let r(k) = -29*k - 1. Let d be r(-1). Let s be ((-10)/(-30))/(1/12). Suppose -s*o = 36 - 204. What is the hi